10. What is the tens digit of l(r)?
3
Let c be ((-6)/(-4))/((-4)/(-32)). Suppose 2*d - 4 = 5*h - d, -4*d = -c. What is the units digit of h?
1
Suppose 37*q - 2 = 36*q. Suppose 3*m - 2618 = -q*y, y + 3*y = m - 882. What is the tens digit of m?
7
Let x(s) = 21*s - 103. Let n be x(-17). Let l = 694 + n. What is the hundreds digit of l?
2
Suppose 24*x + 503 = -3625. Let o = 1340 + x. What is the hundreds digit of o?
1
Suppose -41*b - 365 = -2251. Suppose -2 = -2*l, 3*p - 146 - b = -3*l. What is the tens digit of p?
6
Let n(s) = 140*s - 2549. What is the units digit of n(41)?
1
Let v(h) = 7*h + 13. Let q(o) = 2*o**2 + 10*o - 9. Let w be q(-6). Let x be v(w). Let l = x + -22. What is the units digit of l?
2
Let i = 508 + -528. Let y = i + 190. What is the hundreds digit of y?
1
Let b(w) = -w**2 + 7*w - 4. Let g(o) = -10*o - 15. Let h be g(-2). Let v be b(h). Suppose -4*x + 730 = 2*q, v*x = x + 4*q + 932. What is the tens digit of x?
8
Let u(p) = p**2. Let h be u(0). Let a be (-2 - h)/(12/1110). Let l = a - -335. What is the tens digit of l?
5
Let l(w) = 23*w - 5. Let o be l(2). Let r = o - 41. What is the units digit of (0 - 3)/(2/(-66 - r))?
9
Let w(q) = 411*q - 2636. What is the ten thousands digit of w(32)?
1
Suppose 5*l - 143378 = -2*h, l - h - 20440 = 8237. What is the units digit of l?
6
Let r be -5 - 1/((-2)/2). Suppose 12*t - 9*t = 5*s + 19, 0 = 2*t + 5*s - 21. What is the tens digit of 1 - -75 - ((t - 5) + r)?
7
Suppose -5*o + 3*a = -1320, 3*o + a - 1300 = -2*o. Let q = -38 - -185. Suppose 12*l - o = q. What is the units digit of l?
4
Suppose 0 = 2*n + x + 2*x - 59, 5*n + 5*x = 150. Suppose -5*c = 64 + n. Let m = c + 74. What is the tens digit of m?
5
What is the hundreds digit of 8/34 - 31284864/(-2448)?
7
Suppose 5*o - 9 = 11. Suppose 3*g + 5*c = 205 + 219, -o*c = 16. What is the units digit of g?
8
Let g(v) = 4*v - v**2 + 23*v**2 - v - 3*v + 75 - 12*v - v**3. What is the units digit of g(18)?
5
Suppose 18 = -114*z + 117*z, s + 14 = 4*z. Let q be (0 + -2)*1/(-2). What is the hundreds digit of 203 + s*q/2?
2
Let v = -73 + -345. Let s = 710 + v. What is the units digit of s?
2
Let t(r) = -r**2 + r - 4. Let z be t(13). Let n = z - -106. Let f = 136 + n. What is the units digit of f?
2
Suppose -129 + 32 = k. Let d = -592 - k. Let p = -264 - d. What is the units digit of p?
1
Suppose -2*q - 554 = 2*w, 3*w = q - w + 287. What is the units digit of (-1)/(838/q - -3)?
9
Suppose -2*i + 59466 = -6*o, 0 = i + 5*o - 6215 - 23582. What is the thousands digit of i?
9
Let j(o) = 61*o + 3. Let p be j(1). Let y be p/(-28) + (-2)/(-7). What is the tens digit of (-1)/(-3) - 2180/24*y?
8
What is the tens digit of (-19258905)/(-2325) + (-4)/10?
8
What is the hundreds digit of (4086656/(-672))/(2/(-3))?
1
What is the thousands digit of 12*(293865/(-52))/(-3)?
2
Suppose 12656 = 9*z - 10708. Suppose 0 = -4*f + 2*t + z, 4*t = -0*f - 2*f + 1318. What is the hundreds digit of f?
6
What is the units digit of (-3537)/(-2)*198/99?
7
Let l(w) = -504*w - 165. Let i be l(-5). Suppose -5*p + 3554 = -a, -5*a = 3*p - i + 245. What is the hundreds digit of p?
7
Let d be (-3 - -58)*(1128/10)/(-6). Let m = -676 - d. Let w = -218 + m. What is the tens digit of w?
4
Suppose 4*p - k + 149 = 0, -36 + 7 = p - 3*k. Suppose 4*i = -5*w + 241, -3*w + 4*i + 119 = -0*i. Let t = p + w. What is the units digit of t?
7
Let q(s) = -5*s + 14 - 8*s + 30*s - 15*s. Let t be q(-5). Suppose -245 = -5*i + 5*y, t*y = -2*i + i + 59. What is the tens digit of i?
5
Let a(b) = -2*b - 70. Let v be a(-28). What is the tens digit of v/(-42) - (-287)/3?
9
Suppose 0 = 1525*f - 1517*f - 24432. What is the units digit of f?
4
Let d(x) = 2*x**3 + 17*x**2 + 9*x + 11. Let q be d(-8). Suppose 0 = -5*h - 6*g + 9*g + 5200, -q*g - 15 = 0. What is the thousands digit of h?
1
Let f = -38 + 57. Suppose 0 = f*a - 21*a - 40. Let q = 22 + a. What is the units digit of q?
2
What is the units digit of ((-3)/(-2))/((-504)/(-6261696))?
6
Let w = -37 + 37. Suppose 19*k - 17*k - 70 = w. Suppose -4*d = -3*m - k, -4*m - 8 = -4. What is the units digit of d?
8
Suppose 0 = c + 21 - 23. Suppose 2*x + 5*a = 510, c*a - 498 = -2*x - 0*x. What is the units digit of x?
5
Suppose -30*t + 32*t = 6. What is the units digit of (64/t)/(88/3828)?
8
Let q(j) = -j**2 + 6*j + 5. Let k be q(7). Let x(o) = -28*o - 12. Let h be x(k). Suppose -39*p - 225 = -h*p. What is the tens digit of p?
4
Let o = -344 - -344. Suppose 29*v - 17698 - 1732 = o. What is the hundreds digit of v?
6
Let r = -93 + 71. Let g be 42/189 + r/18. What is the units digit of (1/(-1))/g - 195/(-3)?
6
Let g(b) = -8*b - 57. Suppose 8*y + 33 = 7*y + 4*k, 2*y = 4*k - 54. What is the tens digit of g(y)?
1
Let a be 189346/6 + (170/(-30))/(-17). Suppose -3*k = 28*k - a. What is the units digit of k?
8
What is the units digit of (16 - 5 - 11) + (-48900)/(-3)?
0
Suppose -23 = -2*z + 25. Let m = 157 + -65. Suppose z*k + m = 28*k. What is the tens digit of k?
2
Suppose -455*o + 5655684 + 25419167 = 401026. What is the units digit of o?
5
Let q(y) = y**3 - 17*y**2 - 18*y + 2. Let d be q(18). Suppose u = 2*k + 16, k + 8 + 6 = d*u. Let x(o) = o**2 + 4*o + 11. What is the tens digit of x(k)?
2
Suppose -112*m = 65*m + 36*m - 1988781. What is the hundreds digit of m?
3
Let z(p) = -2*p + 2. Let s be z(-2). Let v = 11 - s. Suppose g - 108 + 32 = 3*n, n = -v*g + 364. What is the units digit of g?
3
What is the units digit of (-4)/(-8) + -2 + 10511*4/8?
4
Let i = 137 + -134. Suppose -14*k - i*k = -27336. What is the thousands digit of k?
1
Let j(y) be the second derivative of y**4/12 - 31*y**3/6 + 33*y**2/2 + 5*y. Let k be j(13). What is the units digit of (-4)/(-16)*12 + (1 - k)?
5
Let t be (-4)/12*0 - -7. Suppose -4*q + 4*z - 20 = 0, z - t = -q - z. What is the units digit of q - 0 - (-13 + -71)?
3
Let y(f) = f**3 - 7*f**2 - 21*f - 53. Let r be y(11). What is the units digit of (374/4 - 2)*r/75?
4
Let t(p) = 10*p - 801. What is the units digit of t(81)?
9
Let u be (20/(-6))/((-10)/1785). Suppose u = 5*t - 110. What is the units digit of t?
1
Let m(p) = -5 + 2 + 10*p + 4*p**3 - 5*p**3 + 5*p**2. Suppose 2*j = -3*d - 26, -7*j + 3*j - 4*d - 40 = 0. What is the hundreds digit of m(j)?
1
Let p = -130 - -140. Suppose q + 3*x - 5 = 0, -2*q = x + 2*x - p. Suppose -4*g - a = -203, 0 = q*a - 3 - 12. What is the units digit of g?
0
Let q(n) = -2*n**2 + 52*n + 83. What is the units digit of q(15)?
3
Suppose 0 = -43737*c + 43747*c - 108780. What is the ten thousands digit of c?
1
What is the units digit of 2 + -10 + (17 - 16) - -22115?
8
Let s(v) be the first derivative of 8*v**2 + 63*v - 48. What is the tens digit of s(15)?
0
Let m(d) = 1 - 75*d**2 - 82*d**2 - 8*d + 158*d**2 + 1. Let f be m(8). Suppose -f*x + 20 - 2 = 0. What is the units digit of x?
9
Let t(p) be the third derivative of -p**5/60 - p**4/24 + 17*p**3 + 106*p**2. Suppose -3*y = -2*y. What is the hundreds digit of t(y)?
1
Let p(f) = 17*f**3 + 2*f**2 + f - 1. Let i be p(-6). Let b = -2452 - i. What is the hundreds digit of b?
1
Let y = 1768 + -677. Let z = y + -405. What is the tens digit of z?
8
Suppose -31700 = -4*k - 3*w, w = -11 + 11. What is the tens digit of k?
2
Suppose -c - 4 = -4*s - 9, 5*c - 4*s - 9 = 0. Let j(a) = 1111*a + 18. What is the tens digit of j(c)?
2
Let s(t) = -58*t + 2. Suppose -28 = -6*h + 4*h. Suppose -4*o - h = 2. What is the hundreds digit of s(o)?
2
Let m = 587 - 573. Let l(n) be the first derivative of -n**4/4 + 14*n**3/3 + 4*n**2 - 4*n + 3. What is the units digit of l(m)?
8
What is the tens digit of (3 - (584/120 + 14/105)) + 19886?
8
Suppose 0 = 2*u + 3*u + 1245. Let j = -954 + 479. Let b = u - j. What is the hundreds digit of b?
2
Let y(r) = -20 + 6*r + 2*r**3 + 11*r**2 + 0*r**2 + r**2 - r**3. Let f be y(-10). What is the units digit of 9*(4/10 + 1112/f)?
7
Let n(h) = 31*h - 8. Let x(l) = l**3 + 14*l**2 + 12*l - 9. Let k be x(-13). Suppose 2*i - k = u, -3*i = -2*u - i - 2. What is the tens digit of n(u)?
5
Let f = 188392 - 128628. What is the tens digit of f?
6
Let r be (-1)/(-7) + (-448)/49 + 9. Suppose 4*h - 5*z - 4146 = r, 5*z - z + 3110 = 3*h. What is the units digit of h?
4
Let h = 136 - 168. Let q = 65 + h. What is the tens digit of q?
3
What is the units digit of ((-2817)/(-5) + 78/195)*(-2 - -12)?
8
Let